Convert 2 (base 12) to base 15.
2
What is 10 (base 3) in base 5?
3
Convert 28 (base 12) to base 2.
100000
-1d (base 15) to base 2
-11100
Convert -122 (base 16) to base 11.
-244
What is -3 (base 12) in base 4?
-3
Convert 57 (base 10) to base 2.
111001
Convert -2 (base 13) to base 12.
-2
What is -1 (base 16) in base 3?
-1
Convert -2 (base 9) to base 3.
-2
Convert 14 (base 7) to base 4.
23
Convert -8 (base 12) to base 13.
-8
What is 5 (base 15) in base 13?
5
Convert -151 (base 7) to base 13.
-67
1120 (base 5) to base 16
a0
44 (base 14) to base 10
60
-1001000 (base 2) to base 15
-4c
Convert 14d (base 14) to base 7.
526
Convert -2 (base 16) to base 11.
-2
What is 15 (base 15) in base 13?
17
Convert -16 (base 8) to base 4.
-32
Convert 10001 (base 2) to base 7.
23
Convert 1 (base 14) to base 4.
1
16 (base 12) to base 16
12
30 (base 4) to base 9
13
-36 (base 16) to base 15
-39
Convert 2 (base 14) to base 7.
2
-12 (base 6) to base 5
-13
Convert 1213 (base 4) to base 6.
251
3 (base 14) to base 12
3
What is -13 (base 9) in base 12?
-10
What is 230 (base 4) in base 7?
62
Convert -43 (base 9) to base 3.
-1110
11 (base 8) to base 6
13
Convert 306 (base 8) to base 7.
402
3 (base 16) to base 9
3
What is -84 (base 11) in base 7?
-161
85 (base 15) to base 6
325
What is -11 (base 2) in base 10?
-3
What is 222 (base 3) in base 12?
22
Convert 26 (base 8) to base 2.
10110
Convert -8 (base 9) to base 4.
-20
11 (base 6) to base 10
7
Convert -22 (base 12) to base 6.
-42
-62 (base 8) to base 3
-1212
Convert -100001 (base 2) to base 11.
-30
Convert -3 (base 16) to base 10.
-3
Convert -33 (base 8) to base 12.
-23
-2 (base 11) to base 7
-2
What is -2 (base 12) in base 8?
-2
What is -96 (base 10) in base 16?
-60
What is -1443 (base 5) in base 16?
-f8
What is -10 (base 3) in base 15?
-3
Convert 10 (base 13) to base 3.
111
What is -140 (base 6) in base 5?
-220
13 (base 10) to base 13
10
Convert -2 (base 16) to base 13.
-2
What is 2211 (base 3) in base 6?
204
45 (base 14) to base 7
115
What is e (base 16) in base 9?
15
Convert -1001 (base 2) to base 11.
-9
What is 20 (base 5) in base 9?
11
What is 93 (base 12) in base 15?
76
What is -33 (base 15) in base 10?
-48
-12 (base 3) to base 15
-5
What is -7 (base 13) in base 4?
-13
Convert -100 (base 7) to base 2.
-110001
Convert 2 (base 12) to base 14.
2
What is -46 (base 11) in base 8?
-62
11 (base 14) to base 13
12
Convert -28 (base 10) to base 14.
-20
Convert -10 (base 10) to base 2.
-1010
-7 (base 15) to base 4
-13
What is 34 (base 6) in base 14?
18
-2221 (base 3) to base 16
-4f
506 (base 9) to base 2
110011011
What is 6 (base 12) in base 15?
6
Convert -29 (base 11) to base 12.
-27
4 (base 11) to base 12
4
What is a8 (base 13) in base 15?
93
Convert 4 (base 12) to base 9.
4
What is 113 (base 6) in base 16?
2d
What is -4 (base 5) in base 11?
-4
Convert 2 (base 3) to base 12.
2
What is 20 (base 10) in base 5?
40
2 (base 6) to base 16
2
Convert -22000 (base 3) to base 11.
-187
What is 100010 (base 2) in base 13?
28
What is -1 (base 14) in base 12?
-1
Convert -8 (base 16) to base 13.
-8
What is -13 (base 6) in base 16?
-9
What is 5 (base 10) in base 2?
101
48 (base 10) to base 15
33
Convert 5 (base 14) to base 7.
5
What is -13 (base 8) in base 13?
-b
What is 11b (base 15) in base 11?
209
2001 (base 5) to base 2
11111011
What is 32 (base 5) in base 6?
25
Convert -42 (base 8) to base 16.
-22
20012 (base 3) to base 15
b2
3 (base 13) to base 14
3
212 (base 3) to base 6
35
Convert -21 (base 5) to base 15.
-b
-3 (base 12) to base 15
-3
What is 185 (base 9) in base 2?
10011110
Convert 5 (base 10) to base 2.
101
-10 (base 14) to base 6
-22
123 (base 6) to base 12
43
85 (base 12) to base 15
6b
What is 57 (base 11) in base 15?
42
Convert -18 (base 12) to base 4.
-110
What is 3 (base 14) in base 15?
3
What is -12 (base 5) in base 16?
-7
What is 45 (base 13) in base 4?
321
2 (base 9) to base 16
2
Convert -201 (base 4) to base 16.
-21
Convert 53 (base 10) to base 5.
203
What is -121 (base 4) in base 6?
-41
-16 (base 10) to base 16
-10
Convert -1001 (base 2) to base 11.
-9
What is 2 (base 6) in base 15?
2
What is -111010 (base 2) in base 8?
-72
1001 (base 2) to base 4
21
Convert 228 (base 12) to base 13.
1b8
1101 (base 3) to base 8
45
Convert -21 (base 12) to base 9.
-27
-3 (base 14) to base 8
-3
-7 (base 10) to base 14
-7
-9 (base 14) to base 2
-1001
Convert -2 (base 5) to base 4.
-2
Convert -29 (base 10) to base 13.
-23
What is -3 (base 15) in base 5?
-3
Convert -4d (base 14) to base 3.
-2120
What is -6 (base 13) in base 5?
-11
Convert 30 (base 14) to base 2.
101010
Convert -4 (base 10) to base 12.
-4
-1 (base 3) to base 16
-1
-3 (base 6) to base 12
-3
Convert 10101 (base 2) to base 14.
17
Convert 101 (base 10) to base 5.
401
Convert -17 (base 16) to base 13.
-1a
11 (base 4) to base 7
5
48 (base 10) to base 16
30
What is 2211 (base 5) in base 14?
17c
3 (base 15) to base 10
3
-2 (base 5) to base 16
-2
What is -302 (base 8) in base 12?
-142
Convert -5 (base 15) to base 11.
-5
What is -1010001 (base 2) in base 5?
-311
What is -11 (base 3) in base 14?
-4
Convert -1 (base 10) to base 14.
-1
-8 (base 12) to base 14
-8
What is 3 (base 4) in base 2?
11
Convert 10 (base 12) to base 10.
12
Convert 18 (base 14) to base 13.
19
What is -3 (base 9) in base 15?
-3
What is -59 (base 10) in base 2?
-111011
5 (base 9) to base 11
5
What is 5 (base 14) in base 12?
5
-60 (base 10) to base 5
-220
-34 (base 12) to base 3
-1111
What is 4 (base 15) in base 13?
4
-3 (base 5) to base 2
-11
-1 (base 11) to base 12
-1
14 (base 8) to base 5
22
What is 241 (base 7) in base 8?
177
What is 3 (base 5) in base 13?
3
What is 6 (base 15) in base 10?
6
What is -203 (base 8) in base 15?
-8b
What is 10 (base 6) in base 7?
6
What is -5 (base 16) in base 3?
-12
Convert 15 (base 11) to base 3.
121
What is 9 (base 10) in base 9?
10
-11 (base 13) to base 10
-14
-2 (base 11) to base 4
-2
Convert 22 (base 7) to base 16.
10
Convert 36 (base 9) to base 6.
53
-36 (base 9) to base 12
-29
What is -2 (base 3) in base 9?
-2
Convert 47 (base 13) to base 10.
59
What is 27 (base 8) in base 10?
23
Convert -1 (base 13) to base 7.
-1
-110 (base 4) to base 10
-20
What is 136 (base 13) in base 11?
185
42 (base 11) to base 4
232
What is b (base 12) in base 9?
12
8 (base 9) to base 6
12
5 (base 15) to base 8
5
-1 (base 16) to base 8
-1
What is -18a (base 11) in base 9?
-263
Convert 1 (base 10) to base 5.
1
Convert -4 (base 16) to base 12.
-4
Convert -1 (base 2) to base 7.
-1
-11 (base 8) to base 10
-9
Convert -173 (base 8) to base 13.
-96
4 (base 12) to base 8
4
11 (base 2) to base 9
3
32 (base 8) to base 9
28
Convert -37 (base 15) to base 3.
-1221
What is -50 (base 13) in base 9?
-72
Convert -99 (base 10) to base 12.
-83
Convert 110 (base 2) to base 14.
6
-3 (base 13) to base 10
-3
Convert 150 (base 8) to base 15.
6e
What is -21 (base 6) in base 2?
-1101
Convert 5 (base 11) to base 9.
5
Convert 12 (base 15) to base 5.
32
Convert -12 (base 7) to base 5.
-14
-2 (base 3) to base 12
-2
110 (base 4) to base 10
20
Convert 3 (base 8) to base 9.
3
What is -2 (base 16) in base 3?
-2
Convert 1100010 (base 2) to base 12.
82
What is 2 (base 10) in base 5?
2
-189 (base 10) to base 13
-117
What is 7 (base 9) in base 4?
13
179 (base 11) to base 8
317
Convert 17 (base 8) to base 16.
f
Convert -ab (base 13) to base 4.
-2031
24 (base 10) to base 8
30
-1d (base 15) to base 4
-130
Convert -9d (base 16) to base 13.
-c1
Convert 33 (base 5) to base 10.
18
What is 2 (base 10) in base 16?
2
Convert 17 (base 13) to base 8.
24
What is 4 (base 16) in base 4?
10
Convert 4 (base 7) to base 14.
4
What is 143 (base 5) in base 15?
33
-55 (base 9) to base 8
-62
Convert 27 (base 11) to base 8.
35
131 (base 8) to base 12
75
Convert 266 (base 9) to base 12.
166
1 (base 7) to base 4
1
a (base 16) to base 3
101
Convert 7 (base 12) to base 7.
10
Convert 101 (base 2) to base 4.
11
What is 0 (base 7) in base 13?
0
2 (base 8) to base 4
2
What is -313 (base 4) in base 11?
-50
Convert 1 (base 11) to base 12.
1
Convert -1 (base 7) to base 16.
-1
What is 2 (base 11) in base 2?
10
What is 1143 (base 5) in base 4?
2231
Convert -11 (base 11) to base 14.
-c
-8 (base 9) to base 12
-8
-3 (base 15) to base 4
-3
-3 (base 16) to base 6
-3
Convert -3 (base 